 a?
2
Suppose -8*i = 267 + 261. Suppose 5*m + 3*j + 453 = 0, -5*m = 3*j - 2*j + 461. Let a = i - m. What is the units digit of a?
7
Suppose -y + 78*j = 81*j - 15611, -j - 15603 = -y. What is the thousands digit of y?
5
Let j = -1494 - -7995. What is the units digit of j?
1
Let i(o) be the second derivative of -o**5/20 - o**4 + 10*o**3/3 + 13*o**2/2 + 2*o + 15. What is the hundreds digit of i(-14)?
1
Let m = 69019 - 6690. What is the hundreds digit of m?
3
Let n be 70/(-245)*28/(-2). Suppose 0 = -n*k + 3*y + 299, 0 = -4*k - 16*y + 18*y + 298. What is the units digit of k?
4
Suppose -41335 + 4168 + 6458 = -41*n. What is the units digit of n?
9
What is the hundreds digit of 492/41 + (3 - 2)*10812?
8
Let w be (20/(-14))/((-13)/182). Let p be (w/6)/(2/3). Suppose 2 = -i, -p*i = -4*z - i + 500. What is the tens digit of z?
2
Let g(d) = 2*d - 4. Let o be g(2). What is the units digit of (-2 + 0)/(4/(-10) - o)?
5
Suppose 5*w - 4*y = 161803, 2*w + 2*y - 39803 = 24893. What is the units digit of w?
5
Let n(y) = 256*y**2 - 4*y - 16. Let a be n(-3). Suppose a = 12*z + 8*z. What is the units digit of z?
5
Suppose -3*j = -5*b + 17, -4*j = -4*b + b + 8. What is the hundreds digit of ((-3)/(b - -2))/(6/(-3408))?
2
Suppose 7*o - 5926 + 1929 = 0. Suppose 5*z - 854 = o. Suppose 457 = 7*r - z. What is the units digit of r?
6
Let o = -189669 - -277934. What is the units digit of o?
5
Let z(w) = -w**3 - 13*w**2 + w + 5. Let k be z(-13). Let s be k/(0 - 2) - (2 + -2). What is the tens digit of 10/s*(1 + (-183)/(-15))?
3
Suppose 31*s - 8873 - 440534 = 0. What is the ten thousands digit of s?
1
Suppose 2*p - 9*w - 50 = -6*w, -125 = -5*p + 3*w. Suppose 0 = -p*g - 17*g + 39522. What is the hundreds digit of g?
9
Suppose 4*z - 5*b + 4 = 0, -1 - 3 = b. What is the units digit of (1 - 1 - -10)/(z/(-741))?
5
Suppose 15*k - 4*n + 10312 = 17*k, 3*k = 4*n + 15418. What is the thousands digit of k?
5
Let a be 2 - (-1137 + -8 + 6). Suppose -2*h + a + 283 = 5*d, -3*h + 1142 = 4*d. What is the units digit of d?
4
Let i(m) = m**2 + 4*m - 3. Let g be i(-11). Suppose -l + 90 - 58 = 0. Let n = g - l. What is the units digit of n?
2
Let m(c) be the first derivative of c**3/3 + c**2/2 - 71*c - 35. What is the tens digit of m(17)?
3
Let m be (-1209)/(-429) + ((-4)/(-22))/1. What is the thousands digit of m/1 + (-12749)/(-11)?
1
Let a = -239 + 253. Suppose -9*l - a*l = -4646. What is the units digit of l?
2
What is the tens digit of 6124/1 + (3 - -9 - 7)?
2
Suppose -17*w - 69310 = -21*w + 586. What is the hundreds digit of w?
4
Suppose -8*p = -4*p. Suppose 10*b - 7*b = p. Let z(n) = n + 22. What is the units digit of z(b)?
2
Let p(v) = -17*v + 4*v**2 - 12*v + 18*v + 2*v**2. What is the tens digit of p(8)?
9
Let g = -184 - -189. Suppose -2063 = -g*i - 3*u + 2913, 3*i - 5*u = 2972. What is the tens digit of i?
9
Let f(h) = 4*h**2 + 49*h - 1444. What is the units digit of f(-65)?
1
Let q = 7982 + -2503. What is the hundreds digit of q?
4
Let r(b) = 5*b + 10. Let n be r(-2). Suppose n = 5*g + 2*u - 329 + 34, 0 = -g + u + 66. What is the units digit of g?
1
Let r(m) = 4*m**3 + 20*m**2 - 64*m + 21. What is the tens digit of r(18)?
7
Let v(i) = 319*i + 167. Let f be v(7). Suppose 3*q - 8*p + 12*p - 1426 = 0, -5*p - f = -5*q. What is the units digit of q?
8
Suppose 2*a = -c - 146, 4*a - 4*c = -225 - 55. Suppose 0 = -b - 3*b - 5*j + 565, -139 = -b - 2*j. Let f = a + b. What is the units digit of f?
3
Suppose -2*c = -2*d + 32, -80 = 3*d - 7*d - 4*c. Suppose 0 = -3*n - 2*n + 5, d = -t + 5*n. What is the tens digit of (-11)/(-11) - 5*t?
6
Suppose -40 = -c - 35, 0 = 3*u - 4*c + 1604. Let s = u - -1143. What is the tens digit of s?
1
Suppose 5*j + 58332 = 10*g - 187638, -3*j - 122984 = -5*g. What is the hundreds digit of g?
5
What is the tens digit of (-236 - -235)/(1 - (-5227)/(-5226))?
2
Suppose 2*j = -0*j + 2*b + 708, 4*b - 738 = -2*j. Suppose -2*k = -5*i + 5066, -3*i - 4*k + 2665 = -j. What is the hundreds digit of i?
0
Suppose 0 = 2*v - 4*r - 11726, -v + 12*r = 15*r - 5893. What is the thousands digit of v?
5
Let q(t) = t**2 + 10*t - 5. Let y be q(-9). Let o be y/(-6) + (-40)/(-15) + -3. Suppose 3*b - 106 = -2*l + 3, -301 = -5*l + o*b. What is the tens digit of l?
5
Let r(g) = g**3 - 11*g**2 - 3*g + 33. Let o be r(11). Suppose 4*k - 384 = -o*k. Let h = k - 18. What is the units digit of h?
8
Suppose 353 = 7*c + 4952. Let x = c + 1368. What is the units digit of x?
1
Let l(p) = 19*p**2 + 3*p + 12. Suppose -19*s + 28 = -48. What is the tens digit of l(s)?
2
Let o be (-48 - -36)/(3/(-2)). Let j be -1*2*(28/o)/7. What is the tens digit of (3/(-9) + 0)*(-281 + j)?
9
Let y(l) = 14*l**3 - 18*l**2 - 7*l + 21. What is the units digit of y(4)?
1
Let c(j) = j**2 + j + 1. Let b(n) = -42*n**2 + n - 9. Let y(g) = -b(g) - 2*c(g). Let i(v) = -44*v + 90. Let l be i(2). What is the hundreds digit of y(l)?
1
Let b(v) = -4*v. Let j(l) be the third derivative of l**4/8 - l**3/6 - 19*l**2. Let h(u) = -4*b(u) - 6*j(u). What is the tens digit of h(-3)?
1
Let j = 45 + -46. Let v(l) = -314*l**3 + 3*l**2 - 1. What is the units digit of v(j)?
6
Let c = 415 - 152. Let v = -32 + c. Let u = v + -104. What is the units digit of u?
7
Let k = -129 - -131. What is the tens digit of k/6 - (22936/6)/(-4)?
5
Let w(h) = -24*h - 1 + 2 - 4 + 0*h. Let r be w(-1). Suppose 0 = 18*i - r*i + 330. What is the tens digit of i?
1
Let n(k) = 3*k + 18. Let i be n(-5). Suppose -i*l + 14 = -l. Suppose l*w - 195 = 456. What is the units digit of w?
3
Let a(l) = 4*l**2 - 71*l - 513. What is the tens digit of a(-14)?
6
Let b(w) = 10*w**2 - 8*w. Let o be 3/(-1) - (-1 - -4). Let v be b(o). Suppose 5*i + 68 = v. What is the tens digit of i?
6
Suppose 24*z = 26*z - 118. Let d be 1*2/(-2)*z. Let s = 140 + d. What is the units digit of s?
1
Suppose -j = 2*k - 26390, 461*j - 456*j - 39592 = -3*k. What is the hundreds digit of k?
1
Let p be (-6 - (2 - 10))/((-4)/2). What is the tens digit of (270/(-405))/(p/(-1746)*-1)?
6
Let t(m) = m**3 + 31*m**2 - 11*m + 100. Suppose 5*w = -4*v + 2*w - 118, -v - w = 29. What is the tens digit of t(v)?
4
Let n(w) = -8413*w - 9582. What is the hundreds digit of n(-5)?
4
Let z = -137 - -140. Suppose 4040 = z*d - 286. What is the units digit of d?
2
Suppose -12838 = 6496*a - 6498*a. What is the units digit of a?
9
Let w = 654 - 646. What is the tens digit of (-15)/(-11 + w) - -466?
7
Let b be (752/10)/((-39)/10 + 4). Suppose 5*u - 6*u + 3*a = -354, -2*u = 5*a - b. What is the hundreds digit of u?
3
Let c(g) = -781*g**3 - 9*g**2 + 16*g + 2. What is the tens digit of c(-4)?
7
Suppose 4*f - 4*k - 1384 = 0, -802 = 5*f + 5*k - 2522. Let c = f - 244. Suppose j + 195 = 5*g, -4*g + c = -j - 54. What is the tens digit of g?
4
Let v be -237 - (4 + -7 - 0). Let w = v - -422. What is the units digit of w?
8
Let y = -23 + 37. Suppose -13*n = -y*n. Suppose 2*d - 9 = -5*v, -3*v - 2*d + 4 + 3 = n. What is the units digit of v?
1
What is the tens digit of (44/(-44))/(5/(-87915))?
8
Suppose 0 = 27*o + 56 - 164. What is the tens digit of ((-1042)/o)/((13/(-2))/13)?
2
Suppose -5*j = -5, 2*k = -3*k - 5*j - 15. What is the units digit of -9 - (-42890)/70 - k/14?
4
Let t = -366 + 390. What is the hundreds digit of (-2)/(((-36)/t)/((-1401)/(-4)))?
4
Let h be (-1 - -1 - 2) + (33 - -5). Let f(v) = 27*v + 0*v + h + 4*v. What is the units digit of f(6)?
2
Suppose 15 = 3*d, 4*d = -m + 6*d + 6. Suppose -t - 1 = -3. Suppose -m = -h + 2*k, -3*h + 3*k + 11 = -t*h. What is the units digit of h?
6
Let j = 72 + -78. Let w(q) = q**3 + 4*q**2 - 15*q - 2. Let k be w(j). What is the tens digit of k/(-4) + 32*9?
8
Let z(k) = -k**3 + 24*k**2 + 2*k - 30. Let w be z(24). Let b = w - 11. What is the units digit of b?
7
Suppose 0 = k + k - 10, -k = 4*n - 53. Suppose 5*d = -n - 13. What is the tens digit of (-15 - -40)*-1*21/d?
0
Suppose 3*k - 100 = -7*k. Suppose 91 = -3*l + k*l. Suppose -11*z - 446 = -l*z. What is the tens digit of z?
2
Let o(r) = r**2 - 7*r - 60. Suppose 0 = 3*w + 3*p - 66, -p - 23 - 35 = -3*w. Let t be o(w). Suppose -9*h + t = -8*h. What is the units digit of h?
0
Suppose 0 = 34*q + 114127 - 482959. What is the thousands digit of q?
0
Let f(h) = -1607*h + 3379. What is the thousands digit of f(-22)?
8
What is the hundreds digit of (-721)/(-70)*6822 -